e second derivative of -y**4/12 - 4*y**3/3 - 9*y**2/2 + 4*y + 6. What is v(-6)?
3
Let r(v) = -v**2 + 3*v + 4. Let h = 39 + -19. Let d be (8/(-7))/(h/(-70)). Suppose 2*n = n + d. Calculate r(n).
0
Let v(x) = -4*x - 1. Let i be v(-2). Let r(h) = -3*h**3 + 8*h**2 - 3*h + 9. Let m(f) = 4*f**3 - 8*f**2 + f - 9. Let s(y) = -2*m(y) - 3*r(y). Calculate s(i).
-9
Let p = 132 + -128. Let x(b) be the second derivative of -2*b + b**3 + 1/12*b**p + 0 + b**2. Give x(-3).
-7
Let h(b) be the first derivative of -b**4/4 - 7*b**3/3 + 9*b**2/2 + 7*b - 25. What is h(-8)?
-1
Let r = 754 + -749. Suppose 3*o - 5*o + 6 = 0. Suppose 5*h + 5 = 0, o*h = -r*i - h + 21. Let x(d) = d**2 - 5*d. Calculate x(i).
0
Let z(u) = 0 + 1 + 3*u + 1. Let m = 10 + 10. Suppose m = -13*l + 18*l. What is z(l)?
14
Let i be -1*(-4)/4 + 2. Let c be (-16)/36*i*3. Let t = -8 - c. Let b(q) = -q**2 - 7*q - 6. Calculate b(t).
6
Let u(b) = 2*b + 0 - 1 + 4 - 2. Let r(k) = -k**2 + 6*k + 1. Let h be r(6). Calculate u(h).
3
Let l be 9/(45/(-20)) + 14. Let j(r) = r + 1. Let o(m) = 4*m + 14. Let g(d) = l*j(d) - o(d). Determine g(5).
26
Let y(j) = 13*j + 178. Let w be y(-14). Let u(s) = -s - 3 + 5*s + s**2 + 1. What is u(w)?
-2
Let k(z) = -17*z + 11. Let p(t) = 2. Suppose -d + 4*c + 2 = 0, c + 2*c - 18 = 4*d. Let u(x) = d*p(x) + k(x). Calculate u(-1).
16
Suppose -3*z - 33 = -p, -2*p + 260 = 4*z + 234. Let q(o) = o**2 - 21*o - 2. Give q(p).
-2
Let n = 14 - 7. Let u(g) = n - 3 + 0 + g**3 + 0 - 2*g + 3*g**2. Determine u(-3).
10
Let i = 1009 - 1016. Let r(m) = -m**2 + 0*m**2 + 9 + 7*m + 9*m**2 + m**3. What is r(i)?
9
Let k(m) = m**2 + m + 1. Let f(c) = 12*c**2 + 8*c + 5. Let r(i) = f(i) - 6*k(i). Let b = -105 - -105. Suppose -y + 2*q + 2*q - 7 = b, -11 = -y - 5*q. Give r(y).
7
Let y(u) = 2*u. Let c be 4 - (-2 - 5)*(-1)/(-1). Suppose -33 = -c*o + 22. Give y(o).
10
Let w be (-1)/(-1 + -2)*21. Let h = w + -3. Let i(a) = 0*a**2 + 0*a**2 - 6*a - 2*a**2 + 3*a**2 - 2. Give i(h).
-10
Suppose -4*f = -2*m + 7 - 3, 0 = -m - f - 1. Let w(s) be the third derivative of 0 + 0*s**4 + 0*s**5 + 4*s**2 + 7/6*s**3 - 1/120*s**6 + 0*s. What is w(m)?
7
Let w(v) be the third derivative of -v**4/24 - v**3/3 - 29*v**2. Let k(y) = -y**3 - 4*y**2 + 3*y. Let x be k(-4). Let f = -7 - x. Calculate w(f).
-7
Let f(t) = -5*t + 2. Let v be f(-2). Let r(k) = -v - 14*k + k**2 + 5*k + 6*k + 4*k. Determine r(0).
-12
Let d(t) = -4*t + 2. Suppose -12*a - 4*a + 48 = 0. Determine d(a).
-10
Let u(k) = 7*k**3 + 10*k**2 + 2*k - 3. Let z(t) = -13*t**3 - 18*t**2 - 4*t + 6. Let r(b) = -11*u(b) - 6*z(b). Calculate r(2).
1
Let p = -150 + 149. Let b(k) = k - k - 1 + 2*k**2 - 11*k**3. What is b(p)?
12
Suppose 0 = -6*b + 2*b - 4*a - 4, -b + 4*a + 4 = 0. Let w be b/((-3*16/12)/2). Let g(c) = -c. Determine g(w).
0
Let p(q) = 21*q - 1 - 20*q + q**2 + 7. Determine p(0).
6
Let q(x) = 4*x**2 + 50*x - 84. Let t be q(-14). Let n(k) = -k**3 + 4*k**2 + k + 2. Give n(t).
2
Let z(n) = -3*n + 1. Let q(l) = -11*l + 15. Let i(x) = q(x) - 4*z(x). Determine i(-11).
0
Let k(b) = -b**2 - 5*b + 3. Let c(g) = -g**3 - 17*g**2 + 5*g + 88. Let m be c(-17). Give k(m).
-21
Let l(p) = p - 2. Let b(v) = v**2 + 6. Let j be b(0). Let o = j - 3. Let d be -1*(4 + -1) - o. Calculate l(d).
-8
Let d(h) be the second derivative of -h**3/3 + 7*h**2/2 + 2*h + 7. Suppose 0 = 6*c - 5*c - 5. Determine d(c).
-3
Let f be 1*-1*11/(-11). Let v(b) be the second derivative of 3*b**4/4 - b**3/3 + b**2/2 + 7*b. Determine v(f).
8
Let l = -30 + 34. Suppose 0 = -3*f - 2*c + 6, l*c = -f + 5*c - 3. Suppose 4*m = f, -2*d - m - 8 = 2*d. Let z(r) = -r**3 + 2*r**2 + 3*r. Calculate z(d).
10
Let w = 38 - 36. Let z(p) = 5 - 36*p**w - 2*p + 37*p**2 - 3*p. Give z(5).
5
Suppose 2*l + l + 49 = 5*o, 2*l = 2*o - 30. Let m(x) = -x**3 - 12*x**2 + 13*x + 5. Calculate m(l).
5
Let o(t) = t + 4. Suppose -6*u - 4 + 16 = 0. Let i(l) = 1 - 2*l**3 + l - 2*l + 3*l**2 + 0*l. Let n be i(u). What is o(n)?
-1
Let p(r) be the first derivative of -r**3/3 - 5*r**2 - 8*r - 1. Suppose 7*z = -9 + 23. Let d be 0 + z/2 + -7*1. Give p(d).
16
Let k = -12 + 16. Let x be (-1 + 3)*1/2. Let m(v) = 2 - 4*v + v - x. What is m(k)?
-11
Let o be 12*-6*8/(-36). Suppose -5*k - o = -1. Let l(n) be the third derivative of -n**6/120 - n**5/20 - n**4/24 + n**3/2 + 9*n**2. Give l(k).
6
Let w(m) = 2*m - 2. Let k be (-35)/(-2) + 9/6. Let i be (k - 35) + 1 + -5. Let y = -25 - i. What is w(y)?
-12
Let r(q) = 2*q + 1. Let u(w) = w + 1. Let g(c) = -r(c) + u(c). Suppose -2*k + 4*x = 20, 4*k - 10 = -3*x + x. Suppose -5*b + k*b = 0. What is g(b)?
0
Let r be ((-12)/7)/((-8)/224*-8). Let s(j) be the third derivative of j**4/24 + 2*j**3/3 + 2*j**2. Determine s(r).
-2
Let t = 37 + -107. Let m = t - -69. Let h(s) = 6*s + 1. What is h(m)?
-5
Let u be 3/(9/(-2))*-3. Let t(r) = u - 5*r**2 - 7 + 2 - 2*r. Let p(l) = -5*l**2 - 3*l - 4. Let f(s) = 4*p(s) - 5*t(s). What is f(-1)?
6
Let i = 1440 - 1457. Let k(l) = l**3 + 16*l**2 - 17*l - 4. Calculate k(i).
-4
Let f(q) be the second derivative of q**3/3 + 3*q**2/2 + q. Suppose 618 = 19*i + 694. What is f(i)?
-5
Let s(x) = -x + 1. Suppose 5 + 1 = 3*v - 3*a, -5*v = -4*a - 6. Let t be (-5 - v) + 4 + 4. Let z(m) = 6*m - 4. Let q(h) = t*s(h) + z(h). Give q(-6).
-5
Suppose 0 = -h - 3*w + 10 - 3, -2*h = -4*w - 4. Let o(m) = 17 - h*m**3 - m**2 - 17. What is o(1)?
-5
Let l(h) = -h + 4. Let m(x) = x + 2. Let g be m(-5). Let q be 5/g*(-5 + 2). Give l(q).
-1
Suppose 0 = -15*q + 24*q + 27. Let l(s) = 8*s + 1. Determine l(q).
-23
Let j(x) = x - 1. Suppose 5*h - 2*m + 145 = -m, -h - m - 23 = 0. Let q be h/(-112) - 3/(-4). Calculate j(q).
0
Let j(h) = h**3 - 16*h**2 - 2*h + 34. Let c = -538 - -554. Determine j(c).
2
Let c(a) = 4*a + 2. Let d(f) = -36*f - 14. Let z(b) = -10*c(b) - d(b). Let r(s) = s**3 + s**2 - s - 1. Let n be r(0). Let k = -6 - n. What is z(k)?
14
Let u = 202 + -203. Let c(v) be the second derivative of 5*v**4/12 - v**3/6 - 2*v. Let k be c(u). Let d(g) = -3*g. Determine d(k).
-18
Let i(w) = -1 - 73*w - 20*w + 79*w. Calculate i(-1).
13
Let y be 0 - ((-4)/1 + -1). Let x(w) = w**3 + 18*w**2 - 17*w + 39. Let q be x(-19). Let a(o) = 2*o - 15*o + 4*o + q + 8*o. Give a(y).
-4
Suppose 2*b = -j - j - 14, 3*j - 3*b = -9. Let v = j + 8. Let o(k) = 4*k**3 + 5 - v*k**3 + 11 - 4*k - k**2 - 19. Give o(-2).
-7
Suppose -18 = -5*v + 22. Let p(f) = 12*f - v*f + f**2 + 0*f + 2. What is p(-2)?
-2
Let u(p) = 2*p - 1. Let t(n) = n - 2. Let l(k) = 3*t(k) - 2*u(k). Let z(o) = 2*o - 2. Let i be z(-2). Let q = i + 2. Calculate l(q).
0
Let t(p) = 4*p + 5. Let v(z) = -z - 2. Let m(x) = 2*t(x) + 9*v(x). Let l(j) = j**3 + 17*j**2 - 19*j - 26. Let b be l(-18). What is m(b)?
0
Let t(l) = l - 1. Suppose 0 = 5*x + 54 - 134. Let f = -11 + x. Suppose 24 = 4*u - 5*p, -2*p + p = f*u - 30. Give t(u).
5
Let m(x) be the third derivative of x**4/24 - 14*x**3/3 - 246*x**2. Calculate m(17).
-11
Let x = -5 + 2. Let g = -2 + x. Let h(p) = 3 + 6*p - 7*p - 4. What is h(g)?
4
Let n(u) = -3*u**3 + 2*u**2 - 3*u**2 - 4*u**3 + 2*u. Let b(s) = s**2 - s. Let t = 20 + -19. Let x(l) = t*n(l) + b(l). What is x(1)?
-6
Let s = 50 - 44. Suppose 15 = -7*p - s. Let r(n) = -n - 1. Let t(m) = -4*m - 8. Let j(b) = 6*r(b) - t(b). What is j(p)?
8
Let x(b) = -b**3 + 11*b**2 + 12*b + 3. Let p be -1 + 6 + 8 + -1. What is x(p)?
3
Let q(k) = -84 + 62 + 48 + k. Calculate q(-8).
18
Let s(g) = -g**3 - 4*g**2 - 2. Let l be s(-3). Let r = l - -7. Let y(z) = 2*z**2 - z + 6. Let q(x) = -2*x**2 - 7. Let f(c) = r*q(c) - 5*y(c). Calculate f(3).
-5
Let p(u) = -5*u**3 + 16*u**2 - 8*u - 7. Let r(a) = -6*a**3 + 21*a**2 - 9*a - 7. Let v(i) = 5*p(i) - 4*r(i). Determine v(-3).
-4
Let x(u) = 5*u - 295. Let w(a) = 2*a - 103. Let d(q) = 11*w(q) - 4*x(q). What is d(-22)?
3
Suppose 0 = d + 4 + 3, d + 5 = 2*r. Let w(l) be the third derivative of 11*l**4/24 - l**2. Calculate w(r).
-11
Let q = -143 + 146. Let m(g) = -g**3 + 5*g**2 - 4*g + 3. Determine m(q).
9
Let w(d) = 4*d**2 - 12*d + 4. Let y(k) = 6*k**2 - 16*k + 5. Let c(o) = 4*w(o) - 3*y(o). Suppose 4*f + 11 = -5*s - 2, 0 = -4*f - 8. What is c(s)?
-1
Let w(o) = 7*o + 7. Let y(f) = 3*f + 3. Let t(s) = -s + 5. Let x be t(7). Let b(n) = x*w(n) + 5*y(n). Give b(4).
5
Let y = 282 - 272. Let c = -5 - -7. Let h be (20/y)/((-1)/c). Let t(j) = -j**2 - 2*j - 1. What is t(h)?
-9
Let u(m) =